*o + 33 = 2*v, 4*v + 3*o = 59. What is the remainder when u is divided by v?
13
Suppose -56*y + 810 = -29*y. Let c(h) = h. Let t(n) = -n**2 + 16*n + 13. Let b(s) = 6*c(s) - t(s). Calculate the remainder when y is divided by b(12).
8
Suppose 35*x = 5582 + 473. Calculate the remainder when 870 is divided by x.
5
Let k(n) = -13*n + 5. Let q be k(-2). Let w be 1 + -3 + (q - 25). Suppose 3*f = w*z - z + 63, 5*z = -20. Calculate the remainder when 57 is divided by f.
6
Let w(n) = -n**3 - 9*n**2 + 4*n + 103. What is the remainder when w(-9) is divided by 30?
7
Let y(a) = a**2 + 2*a - 3. Let q be y(-4). Let d = 382 + -382. Suppose l - q*l + 372 = d. What is the remainder when l is divided by 19?
17
Let i(j) = 3*j - 1. Let c = -28 + 33. Suppose 3*k + w + w - 11 = 0, -3*k + c*w + 46 = 0. What is the remainder when i(9) is divided by k?
5
Suppose 120 = 5*o + 5*x, 0 = -365*o + 367*o + 3*x - 55. Calculate the remainder when 24597 is divided by o.
15
Suppose 3*d = -9*d + 1440. Suppose 2*i - 2*t - 92 = 0, 5*i + 13 = 3*t + 241. What is the remainder when d is divided by i?
30
What is the remainder when (-4585)/(-3930) + (-863)/(-6) is divided by (-37)/((0 - 1)/1)?
34
Let s(r) = -r**3 - 9*r**2 + 18. Let l be s(-9). Suppose -13*b + 10*b = -l. Calculate the remainder when 89 is divided by (b*5)/(2 + 0).
14
What is the remainder when 1/2*(-146 - -388) is divided by 66?
55
Let u(z) = z**3 - 5*z**2 + 5*z + 64. Calculate the remainder when u(6) is divided by 45.
40
Suppose -102656 = -72*q + 2248. What is the remainder when q is divided by 20?
17
Let y = -282 - -567. Let m = y + -274. Calculate the remainder when 27 is divided by m.
5
What is the remainder when -1*2*(-18)/63*(-47145)/(-30) is divided by 440?
18
Let p(n) = -49*n - 1961. What is the remainder when p(-53) is divided by 80?
76
Suppose 0 = h + 2*m - 91, 276 = -6*h + 9*h + 5*m. Let q = h - 74. Calculate the remainder when 88 is divided by q.
19
Suppose 2*q + 1318*d = 1319*d + 467, q - d - 232 = 0. What is the remainder when q is divided by 194?
41
Let z = 37628 + -36339. Calculate the remainder when z is divided by 130.
119
Suppose 6*l = 228 - 480. Suppose -5*z = -0*z - 440. Calculate the remainder when z is divided by (360/42)/((-12)/l).
28
Suppose 2118*c - 2068*c - 4400 = 0. What is the remainder when 404 is divided by c?
52
Calculate the remainder when (-68)/153*729/(-6) is divided by 22.
10
Suppose 4*m - 57 = -29. Suppose 0 = -m*r + 18*r - 220. Calculate the remainder when r is divided by 18*(-1)/((-3)/2).
8
Let g = 14 - -46. Suppose -16*a = -8*a - 184. Let n(y) = y**3 - 23*y**2 - y + 54. Calculate the remainder when g is divided by n(a).
29
Let f(q) = 235*q - 3352. Calculate the remainder when 1134 is divided by f(15).
96
Let x(d) = -13*d**3 - 21*d**2 - 3. What is the remainder when 2936 is divided by x(-2)?
12
Let u(s) = 6*s - 16 - 4 - 11 + 0. Suppose 8*q - 2*g = 3*q + 700, -5*g + 280 = 2*q. Calculate the remainder when q is divided by u(13).
46
Let x = -4697 - -4748. Calculate the remainder when 453 is divided by x.
45
Let f = 951 + -461. What is the remainder when f is divided by 16?
10
What is the remainder when (18*(8 + -7))/6 + 200 is divided by 105?
98
Suppose -2*y - 198 = -3*q, -30*y + 3*q - 396 = -26*y. Let p = 113 + y. Calculate the remainder when 65 is divided by p.
9
Let t(a) = 72*a**2 - 340*a - 1338. What is the remainder when t(-4) is divided by 6?
4
Suppose -3*p + 244 = 5*k - k, 140 = 2*p - 3*k. Let o = -75 + p. What is the remainder when (o - (-14)/(-4))/((-1)/14) is divided by 9?
8
Suppose 2259*k - 4*i - 3370 = 2257*k, 2*i = -14. What is the remainder when k is divided by 73?
65
Let s = -93 - -111. Let o(l) = l**2 - 19*l + 22. Let f be o(s). Let v(t) = t**2 + 8*t - 23. What is the remainder when 44 is divided by v(f)?
19
Let z(c) = -6*c + 58. Suppose 4*n - 33 = -5*d + 1, 2*d + 2*n = 14. Calculate the remainder when z(d) is divided by 8.
6
Let g = 192 - 4. What is the remainder when 927 is divided by g?
175
Let j be (-1)/((-5)/(-75)*5) - 35. What is the remainder when 43 is divided by j/95 + 244/10?
19
Let f(s) = 8*s + 16. Let y(j) = -j + 26. Let a be y(15). Let d be f(a). Calculate the remainder when 37 is divided by ((-1)/(-2))/(4/d).
11
Let s(l) = -2*l**2 + 15*l + 38. Let d be s(9). Suppose 2*x = -4*n + 1212, -d*n - x - 1522 = -16*n. Calculate the remainder when n is divided by 51.
49
Suppose -48 - 6 = -2*m. Suppose -2*d - 13 = -5*x - 37, d = -4*x - m. Calculate the remainder when 41 is divided by (-4)/(-6) + (-32)/x.
5
Suppose 0*w - 3*w - 2*s = -234, s = -5*w + 383. Let t = 2721 - 2712. Calculate the remainder when w is divided by t.
4
Let c = 1 - -80. Let q be 1/(-9) - (-657)/c. Suppose -q*g = g - 360. What is the remainder when g is divided by 9?
4
Let d = -3198 - -6204. Calculate the remainder when d is divided by 17.
14
What is the remainder when 599 is divided by (-111584)/(-9328) - 4/(-106)?
11
Suppose -95 + 93 = -j. Suppose j*i = 8, 192 = 4*c + 22*i - 23*i. What is the remainder when c is divided by 5?
4
Suppose 0 = f - t + 18, -3*t + 90 = -5*f - 0*t. Let k = 15 - f. Suppose 4*l - 9*x + 10*x = 68, 5*x = 3*l - 51. Calculate the remainder when k is divided by l.
16
Suppose -2*j = -10*j + 4024. Let s = -660 - -723. What is the remainder when j is divided by s?
62
Let b = -7510 - -7674. What is the remainder when b is divided by 43 - 0*1/4?
35
Let t = 54 + -290. Let c = 491 + t. Calculate the remainder when c is divided by 43.
40
Suppose 5*o = 5*q - 16431 + 60651, -3*o - 3*q + 26562 = 0. Calculate the remainder when o is divided by 39.
35
Suppose 0 = -4*y + y + 5*n + 40, n = 4*y - 42. Let x(i) = 63*i**2 + 8*i + 1. Let f be x(1). Calculate the remainder when y is divided by (-21)/49 - f/(-21).
1
Let k(g) = 3*g**2. Let r be k(1). Suppose -r*y + 10 = s, y + 2*s - 1 = 4*s. Let p = -9 - -37. What is the remainder when p is divided by y?
1
Let j(s) = -s**3 + 6*s**2 - 96*s + 362. Calculate the remainder when 5965 is divided by j(4).
5
Let x(k) = k**2 + 26*k - 42. Let y be (-3)/(21/245) - -4. What is the remainder when x(y) is divided by 43?
27
Let a(w) = 2*w**2 + 15*w - 52. Let p be a(-9). Calculate the remainder when 758 is divided by (-40)/p*190/8.
36
Let s be (-5 - 12/(-4))*-1. Let v(r) = 29 - 2*r - 10 + 28 + s. Calculate the remainder when 17 is divided by v(19).
6
Suppose -25*t + 6158 = -3742. Calculate the remainder when t is divided by 296.
100
Suppose 4*n = 4*h - 1467 - 165, 0 = -5*n - 4*h - 2085. Let g = -396 - n. Calculate the remainder when 38 is divided by g.
4
Calculate the remainder when ((-56)/(-12))/((28/126)/((-742)/(-3))) is divided by 306.
298
Let j be (-800)/(-12) - (-4)/3. Let a = -64 + j. Suppose -136 = -4*r + 2*n, a*r = r - 3*n + 84. What is the remainder when r is divided by 11?
10
Let u = -8390 - -8870. What is the remainder when u is divided by 242?
238
Let s be 2*-47*2 - 0. Let i = 179 - s. Suppose 140 = -21*l + 1001. Calculate the remainder when i is divided by l.
39
Suppose 0 = -40*v + 31*v + 288. Suppose v*l + 1332 = 44*l. Calculate the remainder when l is divided by 31.
18
Let d(q) = -q**3 - 10*q**2 - 20*q - 1. Suppose 105*z - 32 = 109*z. What is the remainder when 277 is divided by d(z)?
29
Let d = 371 + -116. Let q = d + -227. What is the remainder when 41 is divided by q?
13
Suppose 2*m - 15744 = 5*j, 5*m - 2*j - 39341 = j. Calculate the remainder when m is divided by 28.
27
Let z = 16649 + -14537. Calculate the remainder when z is divided by 125.
112
Let b = 230 + -129. Suppose b + 31 = 4*l. Calculate the remainder when l is divided by (-314)/(-34) - (-728)/(-3094).
6
Let s = 6830 + -6300. Calculate the remainder when s is divided by 103.
15
Suppose -293461 - 441298 = -797*g + 463132. What is the remainder when g is divided by 487?
42
Suppose 0*u + 4*u - 32 = 0. Let d = 3821 + -3758. What is the remainder when d is divided by u?
7
Suppose -2*t = -4*v + 92, 4*t = -3*v + 14 + 66. Let r(q) = q**3 - 40*q**2 + 42*q + 71. Calculate the remainder when r(39) is divided by v.
20
What is the remainder when -219*(-40)/24 + (-1 + 2)*-2 is divided by 122?
119
Let b(g) = g + 35. What is the remainder when (1 + -3)*(477 - 2)/(-5) is divided by b(13)?
46
Let p = -15 - -29. What is the remainder when (-23 - 69)*(-54)/72 is divided by p?
13
Let u(g) = -92*g - 78. 